{"id":45,"date":"2022-06-13T00:19:27","date_gmt":"2022-06-12T22:19:27","guid":{"rendered":"https:\/\/attiel.com\/?post_type=product&#038;p=45"},"modified":"2026-04-26T21:45:26","modified_gmt":"2026-04-26T19:45:26","slug":"creme-equilibrante","status":"publish","type":"product","link":"https:\/\/attiel.com\/fr\/produit\/creme-equilibrante\/","title":{"rendered":"Cr\u00e8me \u00c9quilibrante"},"content":{"rendered":"<p>La CR\u00c8ME \u00c9QUILIBRANTE.<\/p>\n<div>\n<p><span lang=\"DE\">Entre retenue et pragmatisme.<br \/>\nFournit de l&#039;hydratation sans alourdir et accompagne la peau l\u00e0 o\u00f9 elle se sent \u00e0 l&#039;aise.<\/span><\/p>\n<\/div>\n<div>\n<p><span lang=\"DE\">Convient \u00e9galement si la peau s\u00e8che recherche de la l\u00e9g\u00e8ret\u00e9 en \u00e9t\u00e9 ou si la peau plus grasse en hiver recherche quelque chose qui soutient discr\u00e8tement sans \u00eatre intrusif.<\/span><\/p>\n<\/div>","protected":false},"excerpt":{"rendered":"<p>Hydratant. Harmonisant.<\/p>","protected":false},"featured_media":200,"template":"","meta":[],"product_brand":[],"product_cat":[46,56],"product_tag":[49,51,47,52],"class_list":{"0":"post-45","1":"product","2":"type-product","3":"status-publish","4":"has-post-thumbnail","6":"product_cat-attiel","7":"product_cat-cream","8":"product_tag-empfindliche-haut","9":"product_tag-mischhaut","10":"product_tag-normale-haut","11":"product_tag-reife-haut","13":"first","14":"instock","15":"taxable","16":"shipping-taxable","17":"purchasable","18":"product-type-variable","19":"has-default-attributes"},"acf":[],"_links":{"self":[{"href":"https:\/\/attiel.com\/fr\/wp-json\/wp\/v2\/product\/45","targetHints":{"allow":["GET"]}}],"collection":[{"href":"https:\/\/attiel.com\/fr\/wp-json\/wp\/v2\/product"}],"about":[{"href":"https:\/\/attiel.com\/fr\/wp-json\/wp\/v2\/types\/product"}],"wp:featuredmedia":[{"embeddable":true,"href":"https:\/\/attiel.com\/fr\/wp-json\/wp\/v2\/media\/200"}],"wp:attachment":[{"href":"https:\/\/attiel.com\/fr\/wp-json\/wp\/v2\/media?parent=45"}],"wp:term":[{"taxonomy":"product_brand","embeddable":true,"href":"https:\/\/attiel.com\/fr\/wp-json\/wp\/v2\/product_brand?post=45"},{"taxonomy":"product_cat","embeddable":true,"href":"https:\/\/attiel.com\/fr\/wp-json\/wp\/v2\/product_cat?post=45"},{"taxonomy":"product_tag","embeddable":true,"href":"https:\/\/attiel.com\/fr\/wp-json\/wp\/v2\/product_tag?post=45"}],"curies":[{"name":"wp","href":"https:\/\/api.w.org\/{rel}","templated":true}]}}

Crème Équilibrante

<p>La CRÈME ÉQUILIBRANTE.</p>
<div>
<p><span lang="DE">Entre retenue et pragmatisme.<br />
Fournit de l&#039;hydratation sans alourdir et accompagne la peau là où elle se sent à l&#039;aise.</span></p>
</div>
<div>
<p><span lang="DE">Convient également si la peau sèche recherche de la légèreté en été ou si la peau plus grasse en hiver recherche quelque chose qui soutient discrètement sans être intrusif.</span></p>
</div>
