{"id":42,"date":"2022-06-13T00:17:10","date_gmt":"2022-06-12T22:17:10","guid":{"rendered":"https:\/\/attiel.com\/?post_type=product&#038;p=42"},"modified":"2026-03-17T10:16:10","modified_gmt":"2026-03-17T09:16:10","slug":"serum-regenerateur","status":"publish","type":"product","link":"https:\/\/attiel.com\/fr\/produit\/serum-regenerateur\/","title":{"rendered":"S\u00e9rum r\u00e9g\u00e9n\u00e9rant"},"content":{"rendered":"<div>\n<p>Le S\u00c9RUM R\u00c9G\u00c9N\u00c9RANT.<\/p>\n<p><span lang=\"DE\">Une impulsion pour la nuit. Quand la peau \u00e9coute vers l&#039;int\u00e9rieur.<br \/>\n<\/span><span lang=\"DE\">Renforce le renouvellement nocturne, hydrate en profondeur et prot\u00e8ge contre le stress oxydatif.<br \/>\nPour une matin\u00e9e d\u00e9tendue.<\/span><\/p>\n<\/div>","protected":false},"excerpt":{"rendered":"<p>Vitalisant. Antioxydant.<\/p>","protected":false},"featured_media":201,"template":"","meta":[],"product_brand":[],"product_cat":[46,55],"product_tag":[49,51,47,52,48],"class_list":{"0":"post-42","1":"product","2":"type-product","3":"status-publish","4":"has-post-thumbnail","6":"product_cat-attiel","7":"product_cat-serum","8":"product_tag-empfindliche-haut","9":"product_tag-mischhaut","10":"product_tag-normale-haut","11":"product_tag-reife-haut","12":"product_tag-trockene-haut","14":"first","15":"instock","16":"taxable","17":"shipping-taxable","18":"purchasable","19":"product-type-variable","20":"has-default-attributes"},"acf":[],"_links":{"self":[{"href":"https:\/\/attiel.com\/fr\/wp-json\/wp\/v2\/product\/42","targetHints":{"allow":["GET"]}}],"collection":[{"href":"https:\/\/attiel.com\/fr\/wp-json\/wp\/v2\/product"}],"about":[{"href":"https:\/\/attiel.com\/fr\/wp-json\/wp\/v2\/types\/product"}],"wp:featuredmedia":[{"embeddable":true,"href":"https:\/\/attiel.com\/fr\/wp-json\/wp\/v2\/media\/201"}],"wp:attachment":[{"href":"https:\/\/attiel.com\/fr\/wp-json\/wp\/v2\/media?parent=42"}],"wp:term":[{"taxonomy":"product_brand","embeddable":true,"href":"https:\/\/attiel.com\/fr\/wp-json\/wp\/v2\/product_brand?post=42"},{"taxonomy":"product_cat","embeddable":true,"href":"https:\/\/attiel.com\/fr\/wp-json\/wp\/v2\/product_cat?post=42"},{"taxonomy":"product_tag","embeddable":true,"href":"https:\/\/attiel.com\/fr\/wp-json\/wp\/v2\/product_tag?post=42"}],"curies":[{"name":"wp","href":"https:\/\/api.w.org\/{rel}","templated":true}]}}

Sérum régénérant

<div>
<p>Le SÉRUM RÉGÉNÉRANT.</p>
<p><span lang="DE">Une impulsion pour la nuit. Quand la peau écoute vers l&#039;intérieur.<br />
</span><span lang="DE">Renforce le renouvellement nocturne, hydrate en profondeur et protège contre le stress oxydatif.<br />
Pour une matinée détendue.</span></p>
</div>
