{"id":1006,"date":"2023-07-02T14:13:14","date_gmt":"2023-07-02T12:13:14","guid":{"rendered":"https:\/\/attiel.com\/?post_type=product&#038;p=1006"},"modified":"2026-03-27T09:16:47","modified_gmt":"2026-03-27T08:16:47","slug":"pochette-cosmetique","status":"publish","type":"product","link":"https:\/\/attiel.com\/fr\/produit\/pochette-cosmetique\/","title":{"rendered":"Pochette cosm\u00e9tique"},"content":{"rendered":"<p><strong>Mat\u00e9riel:<\/strong> Lin en coton de l&#039;usine de tissage Vieb\u00f6ck dans la r\u00e9gion de M\u00fchlviertel<\/p>\n<p><strong>Fait<\/strong> \u00e0 l&#039;atelier d&#039;int\u00e9gration des voisins \u00e0 Vienne<\/p>\n<p><strong>Masse:<\/strong> base ovale mesurant 17 x 7 cm, hauteur 13 cm<\/p>\n<p><strong>Soins:<\/strong> Lavable \u00e0 30\u00b0<\/p>","protected":false},"excerpt":{"rendered":"<p>Mati\u00e8re\u00a0: Lin et coton provenant de la filature Vieb\u00f6ck, dans le M\u00fchlviertel. Confectionn\u00e9 dans l\u2019atelier int\u00e9gr\u00e9 de nos voisins viennois. Dimensions\u00a0: base ovale 17\u00a0x\u00a07\u00a0cm, hauteur 13\u00a0cm. Entretien\u00a0: lavable en machine \u00e0 30\u00a0\u00b0C.<\/p>","protected":false},"featured_media":1009,"template":"","meta":[],"product_brand":[],"product_cat":[78],"product_tag":[115,114,109,116],"class_list":{"0":"post-1006","1":"product","2":"type-product","3":"status-publish","4":"has-post-thumbnail","6":"product_cat-special","7":"product_tag-leinenweberei","8":"product_tag-nachhaltig","9":"product_tag-pouch","10":"product_tag-viehboeck","12":"first","13":"instock","14":"taxable","15":"shipping-taxable","16":"purchasable","17":"product-type-simple"},"acf":[],"_links":{"self":[{"href":"https:\/\/attiel.com\/fr\/wp-json\/wp\/v2\/product\/1006","targetHints":{"allow":["GET"]}}],"collection":[{"href":"https:\/\/attiel.com\/fr\/wp-json\/wp\/v2\/product"}],"about":[{"href":"https:\/\/attiel.com\/fr\/wp-json\/wp\/v2\/types\/product"}],"wp:featuredmedia":[{"embeddable":true,"href":"https:\/\/attiel.com\/fr\/wp-json\/wp\/v2\/media\/1009"}],"wp:attachment":[{"href":"https:\/\/attiel.com\/fr\/wp-json\/wp\/v2\/media?parent=1006"}],"wp:term":[{"taxonomy":"product_brand","embeddable":true,"href":"https:\/\/attiel.com\/fr\/wp-json\/wp\/v2\/product_brand?post=1006"},{"taxonomy":"product_cat","embeddable":true,"href":"https:\/\/attiel.com\/fr\/wp-json\/wp\/v2\/product_cat?post=1006"},{"taxonomy":"product_tag","embeddable":true,"href":"https:\/\/attiel.com\/fr\/wp-json\/wp\/v2\/product_tag?post=1006"}],"curies":[{"name":"wp","href":"https:\/\/api.w.org\/{rel}","templated":true}]}}

Pochette cosmétique

<p><strong>Matériel:</strong> Lin en coton de l&#039;usine de tissage Vieböck dans la région de Mühlviertel</p>
<p><strong>Fait</strong> à l&#039;atelier d&#039;intégration des voisins à Vienne</p>
<p><strong>Masse:</strong> base ovale mesurant 17 x 7 cm, hauteur 13 cm</p>
<p><strong>Soins:</strong> Lavable à 30°</p>

<p>Matière : Lin et coton provenant de la filature Vieböck, dans le Mühlviertel. Confectionné dans l’atelier intégré de nos voisins viennois. Dimensions : base ovale 17 x 7 cm, hauteur 13 cm. Entretien : lavable en machine à 30 °C.</p>
